 + 2*q**5/15 + q**4/3 + 4*q**3/3 - 18*q**2. Determine m(-7).
1
Let k(s) be the second derivative of s**5/10 - s**3/3 - s**2/2 + 3*s. Suppose -3*h - 1 = a - h, -a - 1 = -3*h. What is k(a)?
-1
Let h(s) be the third derivative of 0 - 1/8*s**4 - 1/3*s**3 + 0*s - 4*s**2 - 1/60*s**5. What is h(-2)?
0
Suppose 0 = -4*t + 12 - 0. Let b(s) be the first derivative of s**3/3 - 5*s**2/2 - 3*s - 2. Calculate b(t).
-9
Let v(f) = f**2 - f - 1. Let d(m) = -6*m**2 + 4*m + 5. Let l(k) = d(k) + 4*v(k). Give l(2).
-7
Let z(w) be the third derivative of -w**4/8 + w**3/6 - 22*w**2. What is z(-6)?
19
Let v(p) = 2 + 5*p + 0 - 6*p. What is v(5)?
-3
Let y(m) be the third derivative of -m**6/120 + m**5/12 - m**4/6 + m**3/6 - 2*m**2. Let s(c) = c + 13. Let o be s(-10). Calculate y(o).
7
Let r(l) = -7*l**3 + 23*l**2 + 5*l + 15. Let s(i) = -3*i**3 + 11*i**2 + 3*i + 7. Let n = 9 + 0. Let h(b) = n*s(b) - 4*r(b). Determine h(-6).
-3
Let j be 46/115 + (-13)/(-5). Let b(i) = -i**3 + 2*i**2 + i + 2. Determine b(j).
-4
Let f = 4 - 10. Let o be 2/(f/(-2) - 4). Let z(h) = -h. Let j(d) = d - 1. Let k(t) = -3*j(t) - 7*z(t). What is k(o)?
-5
Let r(z) be the second derivative of z**3/6 - 3*z**2/2 - 4*z. Determine r(3).
0
Let f(y) = -13 + 12*y**3 + 5*y**2 + y + 17 - 13*y**3. What is f(5)?
9
Let z(b) = -2*b + 1. Suppose 0 = -4*o + 8*o + 12. Calculate z(o).
7
Let y(o) be the third derivative of o**6/360 - o**5/40 - o**4/24 + 2*o**3/3 + o**2. Let u(z) be the first derivative of y(z). Give u(5).
9
Let g(b) = -16*b - 16. Let u(x) = 3*x + 3. Let h(t) = -2*g(t) - 11*u(t). Let n = 4 + -5. Calculate h(n).
0
Let y = -5 - -7. Suppose n + 1 = 3. Suppose 3*j = y*i + 6, -6*i = -n*i - 12. Let m(s) = -3*s + 6. Determine m(j).
-6
Let u = 89 + -87. Let f(i) = i**2 - 2*i + 2. Calculate f(u).
2
Let v(y) = -y**2 - 13*y + 8. Let a be (26/(-8) + -2)/(21/56). What is v(a)?
-6
Let j(k) be the second derivative of 0 - 2*k**2 - 1/4*k**4 - 1/6*k**3 + k + 1/20*k**5. Suppose -i = -2 - 1. What is j(i)?
-7
Let b(x) = -3*x**2 + 76*x - 26. Let w be b(25). Let j(a) = 3*a**3 + a**2 - 1. Give j(w).
-3
Let b = -5 + 5. Let i(q) = q**2 + b + 5*q + 0*q**2 - 2. What is i(-5)?
-2
Let z(t) be the first derivative of -4*t**2 + 2 - 1/3*t**3 + 4*t. Let n be z(-8). Let w(a) = a**2 - 4*a - 3. Give w(n).
-3
Let d(j) = -j**2 - 5*j - 3. Let a be d(-4). Let c(i) = -10*i + 1. Give c(a).
-9
Suppose -5*a + 7 = 4*t - 2, 4*a - 5 = -t. Let l(m) be the first derivative of 2 - 5 - 2*m**2 + 3*m**2 + 5*m - a. Give l(-5).
-5
Let k(l) be the first derivative of 1 + 3*l**2 - 7*l - 1/3*l**3. Let y be 17/4 + (-15)/(-20). Determine k(y).
-2
Let i(q) = -4*q - 5. Let a(b) = 10*b + 12. Let g(t) = 5*a(t) + 12*i(t). What is g(5)?
10
Let s(j) be the third derivative of 0*j**4 + 1/60*j**5 + 0 + 3*j**2 - 1/3*j**3 + 0*j. Calculate s(-2).
2
Let n(s) = -s - 2. Let q = -5 - -8. Determine n(q).
-5
Let q be (-2 - -3)*(-2 + -4 + 5). Let u(j) be the first derivative of 0*j + 1/2*j**2 + 1/2*j**4 + 1 + 1/3*j**3. Determine u(q).
-2
Let k(c) = -c**3 + 3*c**2 - 3*c + 3. Suppose h + 6 = -3*i + 5*h, -5*i = 3*h - 19. Let f be k(i). Let r(m) = -2*m - 4 + m - f. Determine r(-5).
0
Let w(c) be the first derivative of -c**4/24 + c**2 + 2. Let x(y) be the second derivative of w(y). What is x(-6)?
6
Suppose -8*n = -4*n + 12. Let j(m) = m**2 + 3*m + 2. Determine j(n).
2
Let x(h) = 5*h - 14. Let d(g) = -g. Let y(l) = 3*d(l) + x(l). What is y(11)?
8
Let l(q) be the first derivative of -q + 1/2*q**2 - 3. What is l(-4)?
-5
Let q(o) = -o**2 - 5*o - 4. Let z = 78 + -82. Calculate q(z).
0
Let o(w) = -w**3 - 3*w**2 + 1. Let m(q) = 4*q + 1. Let y be m(-1). Give o(y).
1
Let o(u) = 5*u**2 - 4*u - 8. Let r(x) = -4*x**2 + 3*x + 7. Let k(f) = -5*o(f) - 6*r(f). Let h(q) = -2*q**2 - 5*q + 6. Let p be h(-3). What is k(p)?
-5
Let j(r) = r**3 - 3*r + 1. Let i be (0 + 2)*18/6. Let b(f) = -f**2 + 7*f - 4. Let h be b(i). Calculate j(h).
3
Let t be (4/(-5))/((-16)/120). Let m(b) = -1 - 11*b**2 + 3*b**2 + t*b**2. Give m(-1).
-3
Let y(c) be the first derivative of -c**4/4 + 2*c**3 - 2*c**2 - 6*c - 5. Suppose -3*f + 2*o + 3*o = -49, 14 = 3*f + 2*o. Let q = -3 + f. What is y(q)?
-1
Let a(j) be the first derivative of -j**4/4 + 7*j**3/3 - 4*j + 43. Calculate a(7).
-4
Let j be -5 + (0 - (-2 - -4)). Let w(i) = -i - 3. Calculate w(j).
4
Let j(o) = -7*o - 2*o**3 + 3*o**3 + 6*o. Give j(1).
0
Let o be 20/(-25) - (-2)/(-10). Let w(h) = 2*h**2 - 2*h - 1. Determine w(o).
3
Let z = -58 - -56. Let h(p) = -2*p**3 - 2*p**2 + 2. Calculate h(z).
10
Let f = -6 - -6. Let u(q) be the second derivative of q**4/12 - q**3/6 - 6*q**2 + 2*q. What is u(f)?
-12
Suppose -4*l = -l + 12. Let n = 0 + l. Let t(q) be the first derivative of -q**2/2 + 2*q + 2. What is t(n)?
6
Let t be 0*(5/(-20) + 0). Let f(c) = c**3 + 10. Calculate f(t).
10
Let t(x) be the second derivative of -5*x + x**2 + 0 + 0*x**3 + 1/20*x**5 + 0*x**4. Determine t(2).
10
Let u(w) = -5*w**3 + w**2 + 2*w + 1. Let h = 6 - 7. Let q be u(h). Let n(y) be the third derivative of y**5/60 - 5*y**4/24 + 5*y**3/6 - y**2. Determine n(q).
5
Let a(d) = 6*d**2 - 3*d + 3*d - d**2. Let c(g) = g**2. Let o(u) = -a(u) - c(u). What is o(1)?
-6
Let s(q) be the first derivative of -q**3/3 + 4*q**2 - 7*q + 7. Determine s(5).
8
Suppose 0 = -2*t - 0 + 4. Suppose -t = -2*j + 2. Suppose 2*h - 8 = 3*i, -h + 2 = -j. Let f(l) = -l**3 + l + 2. What is f(i)?
2
Let u(t) = t**3 + 3*t**2 + 3*t + 1. Let o be (6/4)/(3/(-4)). Let d = 1 - o. Let s be d*(-1 + 1/3). Calculate u(s).
-1
Suppose -24 = v - 5*v. Let a(g) = -v*g + g**2 - 4 - 7 + 2 + 1. Let j be a(7). Let r(p) = -p**2 - p + 1. Give r(j).
1
Let x(o) = 19*o + 5. Let t(n) = -9*n - 2. Let q(v) = v - 5. Let k be q(12). Let s(a) = k*t(a) + 3*x(a). Calculate s(1).
-5
Let q(k) = 2 + 3*k**2 + 6*k**2 - 2*k**2 - 8*k**2 + 6*k. Give q(6).
2
Suppose -5*d + 9 + 1 = 0. Let k(t) = t + t - t**3 - 3*t**d + 3 - t. Give k(-3).
0
Let i(q) = -q**3 - 3*q**2 - q. Let s be i(-3). Let b(u) = 2 + s - 5 - 1 + 2*u. Determine b(-2).
-5
Let a(f) be the second derivative of -f**5/20 - 7*f**4/12 - 3*f**3/2 - f**2 + 7*f. Give a(-6).
16
Let o(l) = l**2 - 1. Let a be (-1)/4 + 1/4. Suppose a = -2*g + g. Give o(g).
-1
Let b(l) = 15 - 2*l + 2*l - 2*l - 18. Determine b(-2).
1
Let d = 9 + -6. Let r(y) be the second derivative of -y**5/60 + y**4/12 - y**3/6 + 5*y**2/2 - 3*y. Let s(f) be the first derivative of r(f). Determine s(d).
-4
Let l(n) = -n**3 - n**2 + n + 15. Let t(g) = -g**2 + 3*g - 2. Let b be t(1). Determine l(b).
15
Let t(k) = k - 10. Let h be t(7). Let y be (h - 3)*(-4)/(-6). Let b(m) = m**3 + 3*m**2 - 4*m + 5. Determine b(y).
5
Let n(j) = j**3 - j**2 + j + 7. Let g be n(0). Let u(c) = c**3 - 7*c**2 + c + 9. What is u(g)?
16
Let s(v) = v**3 + v**2 - v + 1. Let u(z) = z**3 + 4*z**2 + 1. Suppose 3*x - 22 = p + 3*p, -4*p + 4*x - 24 = 0. Let o be u(p). Give s(o).
2
Suppose -5 = -3*s - 2*w, -2*s - 10 = -3*s + w. Let d(f) = -4*f**2 - 5*f + 10. Let n(o) = 3*o**2 + 5*o - 9. Let u(g) = 4*d(g) + 5*n(g). Determine u(s).
-5
Let j = -11 + 13. Let h(a) = -a**3 + 2*a**2 + 2 + 0*a + 0*a. Calculate h(j).
2
Let m(a) = 5*a + 1. Let r(q) = -q**2 + 10*q - 2. Let n be r(10). Give m(n).
-9
Let l(t) = -3*t - 2. Let c(r) = -3 + 4*r + 7 - 1. Let p(u) = 5*c(u) + 6*l(u). Give p(-6).
-9
Let h = 5 + -3. Let x(i) = -11 + 2*i**h - 11*i - i**2 + 2*i + 0*i**2. Let r be x(10). Let t(m) = -6*m**3 + 1. What is t(r)?
7
Suppose 2*t = 5*b + 17, 2*t + 23 + 5 = -4*b. Let p(q) = -q**2 - 7*q - 6. What is p(t)?
6
Suppose -9*a + 4*a = -15. Suppose 28 = -m - 5*u, a*m + 2*u + 4 = 5*m. Let c(s) = -2*s - 1. What is c(m)?
5
Suppose s = -3*h - 3*s + 10, -2*h - 2*s = -6. Let a be -3 - ((0 - h) + -6). Let y(u) = u**2 - 4*u - 3. Determine y(a).
2
Let z(f) = f**2 - 5*f + 2. Let q(d) = -d - 1 + 2*d - 7. Let h be q(6). Let g be h/3 + 11/3. What is z(g)?
-4
Let l(c) = 2*c**3 - 15*c**2 - 8*c + 3. Let n be l(8). Let y(z) = 2*z - 4. Determine y(n).
2
Let c be 1/(((-4)/10)/2). Let x(j) = j - 11. Let l(g) = 5. Let t(q) = 5*l(q) + 2*x(q). Calculate t(c).
-7
Let b(w) = 7*w**3 - 7*w**2 + 10. Let l(m) = 8*m**3 - 8*m**2 + 11. Let g(a) = -7*b(a) + 6*l(a). Suppose -v = -4*i - 0*v - 1, -2*v = -2. Calculate g(i).
-4
Let n be ((-2)/(-3))/(10/45). Let w(h) = -4*h**3 - h**2 + h - 1. Let i(d) = d**3 + d**2. Let q(r) = 3*i(r) + w(r). Calculate q(n).
-7
L